*f + f, -2*f + b - 13 = 0. Let n = f + -4. Let p be 3366/24 + 2/n. Calculate the highest common factor of 20 and p.
20
Suppose 2*l - 2 = 0, -4*v + 3*l + 49 = -8. Calculate the highest common factor of v and 3.
3
Let n be ((-594)/(-12))/11*18 - 4. What is the greatest common divisor of n and 1463?
77
Suppose -5*z = -9*z - 3*g + 396, -5*z + 3*g = -495. What is the greatest common divisor of z and 55?
11
Let n be (-2 + 35)*(-4)/(-6). Suppose n - 10 = 2*i. Suppose 2*y = -3*p + 33, 2 = -p + 3. Calculate the highest common factor of i and y.
3
Let l = 242 - 116. Calculate the highest common divisor of 28 and l.
14
Let r = -347 + 359. Let x = 28 - 46. Let p = -12 - x. Calculate the highest common divisor of p and r.
6
Suppose -2*f + a + 374 = -3*a, -381 = -2*f - 3*a. Let l(c) = 27*c**3 - 5*c**2 + 3*c + 2. Let u be l(1). What is the highest common divisor of f and u?
27
Let f(i) = -7*i**2 + 1. Let s be f(2). Let p = s - -39. Let a = 70 - 62. What is the greatest common factor of p and a?
4
Let k = 221 + -158. What is the highest common factor of 35 and k?
7
Let i = -18 - -26. Let x be i/12 - 64/(-3). Let u = -29 + 51. Calculate the greatest common divisor of x and u.
22
Let s(o) = 149*o**2 + 23*o + 39. Let d be s(-2). What is the greatest common factor of 19 and d?
19
Let b = 442 + -411. What is the greatest common factor of b and 403?
31
Let g = 334 + -198. What is the highest common factor of g and 119?
17
Let p(r) = -r + 116. Let z be p(34). Calculate the highest common factor of z and 2419.
41
Let y be (-40)/30*3/(-2). Let h be (y + 4)*(-37)/(-3). What is the greatest common factor of 111 and h?
37
Let t be 3*1*6/9. Suppose -v = 5*v - 2298. Suppose 0 = 3*k + t*d - 6*d - v, 4*k - 540 = -2*d. Calculate the greatest common divisor of 19 and k.
19
Let i = -22 + 137. Let z(q) = 102*q + 250. Let p be z(-2). What is the highest common divisor of i and p?
23
Let s be 2/2*6*3/2. What is the highest common factor of 171 and s?
9
Suppose 3*c - 193 = 4*n, -c - 4*n + 18 + 41 = 0. Let b be (7/2 - 2)*18. What is the greatest common divisor of b and c?
9
Let g be -1*((-6)/2 + -1). Let z = 897 + -887. What is the greatest common divisor of z and g?
2
Suppose p = 4 + 1. Suppose 38 = p*a - 2*a + 4*g, 2*g - 34 = -3*a. What is the greatest common divisor of 2 and a?
2
Let s(m) be the first derivative of -4*m**2 + 0 - 3 + m - m - 14*m. Let p be s(-13). Calculate the greatest common divisor of p and 36.
18
Suppose 4*f = -4, x = -25*f + 20*f + 220. What is the greatest common factor of x and 18?
9
Let c(y) = 3*y**2 + 8*y - 11. Let q be c(4). Let k = q - -93. Suppose -72 = -3*p - p. Calculate the highest common factor of k and p.
18
Let d(p) be the second derivative of -p**4/12 - 4*p**3/3 + 11*p**2 - p. Let i be d(-9). Calculate the greatest common divisor of 26 and i.
13
Suppose m - 10 = 278*n - 280*n, -n + 13 = m. Let u be 456/10*40/6. Calculate the greatest common factor of u and m.
16
Let b(m) = m**3 - 6*m**2 + 7*m - 7. Let x be b(6). Suppose -12*q + 1041 + 219 = 0. What is the highest common divisor of q and x?
35
Let q = -110 + 62. Let o = q - -71. Calculate the greatest common factor of o and 207.
23
Suppose -3*n + 3*h + 17 = -n, -h = 2*n - 5. Suppose 0 = 4*m + m - 3*k - 168, 2*k + 136 = n*m. Calculate the highest common factor of 54 and m.
18
Let u = 2 + -24. Let m = -17 - u. Suppose q = m*q - 48. Calculate the greatest common divisor of 8 and q.
4
Let n(k) = 4*k**2 + 80*k + 30. Let p be n(-23). What is the highest common factor of p and 12?
6
Let t(o) = o**3 + 31*o**2 + 31*o + 149. Let j be t(-30). What is the greatest common divisor of 14 and j?
7
Let d(x) = -x**2 + 9*x + 5. Let f be d(8). Let i = f + -3. Let m be 4/(8/i) - -1. What is the highest common divisor of 1 and m?
1
Let j(v) = -80*v - 13. Let t be j(3). Let u be 11/(-66) - (-2)/(-12)*t. What is the greatest common factor of u and 21?
21
Suppose 0 = -4*u + 4*n + 1309 + 2791, -3*u + 3070 = 2*n. What is the highest common factor of u and 32?
32
Let n(p) = -2*p**3 + 19*p**2 - 16*p - 13. Let m be n(8). Calculate the highest common factor of m and 561.
51
Let z(d) = -d**3 - 4*d**2 + 18*d - 12. Let x be z(-8). Let i = x - 85. What is the greatest common divisor of i and 15?
15
Let f be (2 + -38 + 9)*2/(-3). What is the highest common factor of 2988 and f?
18
Suppose k - 39 = -p - 0, -2*p = -4*k + 156. Calculate the greatest common factor of k and 143.
13
Let n = 26 + -50. Let l(p) = -21*p + 15. Let r(b) = 4*b - 3. Let t(o) = n*r(o) - 5*l(o). Let s be t(2). What is the greatest common divisor of s and 60?
15
Let j = 27 - 24. Suppose -n = -j*n + 6. Let c be ((-18)/n - -3)*-10. What is the highest common factor of c and 12?
6
Let l(k) = -3*k + 17. Let i be l(5). Suppose 0*z = -i*z + 26. Let w = z + 12. What is the highest common divisor of 10 and w?
5
Let l = 293 - 243. What is the greatest common factor of 110 and l?
10
Let s(z) = 2*z - 32. Let w be s(24). Suppose 13*y - w = 9*y. Calculate the greatest common divisor of 44 and y.
4
Suppose 0 = -2*f - 118 + 138. Let z be (-110)/(-4)*f/1 - 2. What is the greatest common factor of z and 39?
39
Let t be (2/1 - -2)/2. Suppose -4*f = -t*f - 420. Calculate the highest common divisor of 30 and f.
30
Let b(q) = q**2 + q - 37. Let o be b(-7). Let k = 3 + 17. What is the greatest common divisor of k and o?
5
Suppose 0 = -4*r - 5*f + 398 + 123, -255 = -2*r + 3*f. What is the greatest common factor of r and 86?
43
Let q be (-11)/((-198)/(-81))*-28. What is the highest common divisor of q and 119?
7
Let z(o) = -o + 1. Let a be z(-9). Let l be 0/(1/1*-1). Suppose l*c - 5*c + 135 = b, 0 = 3*c - 15. What is the highest common divisor of b and a?
10
Suppose -4*q = -467 - 173. Calculate the highest common factor of q and 40.
40
Let i = 15 - 15. Let h be 0 + (i - (-1 - 43)). Let z be (-4)/(-2) - (-128)/2. Calculate the greatest common divisor of h and z.
22
Let h(y) = y**3 + 6*y**2 - 2*y - 5. Let f be h(-7). Let o = -12 - f. Calculate the highest common divisor of 28 and o.
28
Let q(w) = w**3 + w**2 + w + 16. Let v be 0/(0 - -3)*1. Let b be q(v). Suppose 3*h - 880 = -2*h. What is the highest common factor of b and h?
16
Suppose -8*v + 3*v + 265 = 0. Let h = v + -13. Let q = 128 - h. Calculate the highest common factor of q and 11.
11
Let q be 1551/5 + (-178)/890. Calculate the highest common factor of q and 50.
10
Let g = 19 + -17. Suppose l = g*l - 4. Suppose 41 + 35 = l*q. Calculate the greatest common factor of 57 and q.
19
Let i(g) = -7*g**3 + 11*g - 3. Let u be i(-3). What is the greatest common divisor of u and 51?
51
Suppose 47*g = 46*g + 8. Let d(r) = -r**2 + 12*r - 7. Suppose -5*i + 7 = -48. Let c be d(i). What is the highest common divisor of g and c?
4
Let n(h) = -11*h + 10. Let y be n(1). Let f be 5/5*y*7*-13. Calculate the highest common divisor of f and 7.
7
Let w(v) = 2*v + 8. Let b be w(-5). Let f be 2681/28 + 4 + b/(-8). Calculate the highest common factor of f and 20.
20
Let o be (-24)/(-7)*98/4. Let t be o/(-24)*(0 + -2). Suppose -n + 23 = -5. Calculate the greatest common divisor of t and n.
7
Let w(v) = 2*v**3 - 9*v**2 - 17*v - 4. Let i be w(8). Suppose h = 2*h. Suppose h = 5*g - g - 112. What is the greatest common divisor of i and g?
28
Suppose 0 = 214*o - 309*o + 3800. Suppose 0 = -d + 4 + 6. What is the greatest common factor of d and o?
10
Let y be -12 - (-4)/(0 + -2). Let t = 16 + y. Suppose -i + 0*c + 49 = 3*c, -t*i + 89 = 3*c. What is the highest common divisor of 10 and i?
10
Suppose 4*d + 24 - 168 = 0. Suppose -y + 0*y + 5*r = -d, 2*r = -2*y + 24. Calculate the highest common factor of 32 and y.
16
Suppose 22*s - 1125 = -3*s. Calculate the greatest common factor of 15 and s.
15
Suppose 8*g - 3*g = 125. Let o be 92 + (-40)/g + (-2)/5. What is the greatest common factor of 10 and o?
10
Let j(d) = d**3 + d**2 - 11*d + 11. Let v be j(4). Calculate the highest common divisor of 141 and v.
47
Let w be (-12)/(-5)*31/(1116/1920). What is the highest common factor of w and 24?
8
Let u be ((-8)/(288/27))/((-1)/84). Calculate the greatest common divisor of 147 and u.
21
Let g be 4/(-18) - (-148)/18. What is the greatest common divisor of g and 488?
8
Let t be 1835/45 + 2/(-36)*-4. What is the highest common divisor of 410 and t?
41
Suppose 4*f = 2*v + 8, 0